factors of m?
5
Suppose 3*z - 2*k - 3*k - 90 = 0, 82 = 2*z + 4*k. Let m = z - 17. List the prime factors of m.
2, 3
Let a(j) = j. Let p(s) = 4*s + 13. Let g(b) = -2*b - 7. Let l(t) = 7*g(t) + 4*p(t). Let q(o) = 3*a(o) - l(o). List the prime factors of q(5).
2
Let a = 7 - 5. Suppose a*h - 39 = 3. List the prime factors of h.
3, 7
Let c(t) = -t**3 - 1. Let s be c(1). Let o be s/(-8) - (-4)/(-16). Suppose 3*m + 10 - 34 = o. What are the prime factors of m?
2
Let d(h) = -4*h**3 + 2*h**2 - 1. Let l be d(-1). Suppose 121 = l*c + 11. What are the prime factors of c?
2, 11
Suppose -p - 4*p = 25, t = -p - 2. Suppose -46 = -t*n - 10. List the prime factors of n.
2, 3
Suppose -12 - 80 = -2*t. List the prime factors of t.
2, 23
Suppose -7*k + 15 = -4*k. Suppose 0 = -k*p - 2*b + 252, 4*p - 96 = 2*p - 2*b. List the prime factors of p.
2, 13
Let h = -3 - -5. Let x be h/4*-3*2. Let r = -1 - x. List the prime factors of r.
2
Suppose -3*l - t - 3*t = 0, 32 = -5*l + 4*t. Let n(y) = 3*y**2 + 2*y. Let g be n(l). Suppose 0 = -2*d - 3*d + g. List the prime factors of d.
2
Let u(s) = s + 15. Suppose 10*k = 5*k. What are the prime factors of u(k)?
3, 5
Suppose -10*z = -14*z + 180. List the prime factors of z.
3, 5
Suppose -g + 1 = 2*q - 10, -2*g + 37 = q. Suppose -w = 8 - g. What are the prime factors of w?
13
Let o(k) = k**3 - 6*k**2 - 2*k - 1. Let j be 92/(-12) - 1/3. Let w(h) = 3*h**3 - 18*h**2 - 5*h - 3. Let t(b) = j*o(b) + 3*w(b). List the prime factors of t(6).
5
Let s(m) = 4 - 2 + 5*m - 6*m. List the prime factors of s(-5).
7
Let j = 1 + 0. Let z = 10 + j. What are the prime factors of z?
11
Let c(x) = x**2 - 6*x + 2. Let n(p) = -2*p**2 + 13*p - 5. Let w(l) = 5*c(l) + 3*n(l). Let q(f) = f + 12. Let v be q(-5). What are the prime factors of w(v)?
3
Suppose -2*p = -125 - 61. List the prime factors of p.
3, 31
Let a = -1 + 4. Suppose -a*c + 26 + 4 = 0. List the prime factors of c.
2, 5
Let l = 15 + -11. Let h(t) = t**2 + t + 3. What are the prime factors of h(l)?
23
Let s(a) = 0*a + 0*a + a + 2 + 7*a**2 - 6*a**2. Let t be s(-9). Suppose -4*y - 18 = -t. List the prime factors of y.
2, 7
Suppose 2*x + 108 = -h + 6*h, 0 = -5*h - x + 96. What are the prime factors of h?
2, 5
Suppose 4*q + k = 1304, 5*k = 5*q + k - 1609. What are the prime factors of q?
5, 13
Let h(k) = -k + 9. Let p be h(4). Suppose -v = -3*b + 106 + 107, -4*b = p*v - 303. List the prime factors of b/(-30)*(-10)/3.
2
Suppose -5*b + 10*b - 5 = 0. Let p = b - 4. List the prime factors of 13 + (-3)/p*-1.
2, 3
Let w = 18 - 1. List the prime factors of w.
17
Suppose c - 2*q + 19 = 0, c + 19 - 2 = 3*q. Let t be c*((5 - 3) + -3). Suppose -h - 5 = -t. What are the prime factors of h?
2, 3
Suppose o - 5*o = -20. Suppose -5 = l + 5*z, o*z = 5*l + 6 - 41. What are the prime factors of l?
5
Let j = -135 - -45. Let r = j + 145. What are the prime factors of r?
5, 11
Suppose -10 = -s + 2*z + 4, -4*z - 46 = -3*s. Let h = 3 + s. What are the prime factors of h?
3, 7
Let l(r) = -2*r**3 - 19*r**2 + 8*r - 8. List the prime factors of l(-10).
2, 3
Let q(u) = 11*u**2 - 5*u - 1. Let w(z) = -10*z**2 + 4*z. Let f(s) = -3*q(s) - 4*w(s). Let g be f(4). Suppose 5*b + 16 = g. What are the prime factors of b?
19
Suppose -p + 156 = 3*p. Suppose 1 = 4*y - p. What are the prime factors of y?
2, 5
Let v(g) = -g**3 + 2*g**2 + 5*g + 3. Suppose 2*i - 3*i = 3. What are the prime factors of v(i)?
3, 11
Let l(i) = i**3 + 5*i**2 - 7*i. Let w be l(-6). Suppose -y = 2*y - w. Suppose 2*p - y*s - 10 = 0, -3*p + 1 = 4*s - 35. List the prime factors of p.
2
Let v = 25 - 11. List the prime factors of v.
2, 7
Suppose 25 = -3*b - 2*b, -q + 47 = 3*b. List the prime factors of q.
2, 31
Let r(c) = c**2 + 1. Let z be r(-2). List the prime factors of (-10)/(-4)*6/z.
3
Suppose 10*g - 4*g - 48 = 0. What are the prime factors of g?
2
Let h(a) = a**2 - 1. Let z be ((-4)/5)/(4/(-20)). Let w(d) = 6*d**2 + 5. Let k(r) = z*h(r) + w(r). What are the prime factors of k(-1)?
11
Suppose -39 = -4*t + 37. List the prime factors of t.
19
Let s(g) = g**3 + 3*g**2 + 3. Let r(d) = d**2 + 5*d + 3. Let p be r(-3). List the prime factors of s(p).
3
Let d(r) = -5*r - 2*r**3 - 10 + 9*r**2 + r**3 + 0*r**3. Let i = 32 + -24. List the prime factors of d(i).
2, 7
Let d(f) = f**3 + 5*f**2 + 2*f + 7. Let g be d(-5). Let n = -1 - g. List the prime factors of (-54)/(-8) - n/(-8).
7
Suppose 10*h - 6*h = 0. What are the prime factors of 1 - 2 - (-26 + h)?
5
Let t = -13 + 205. List the prime factors of t.
2, 3
Let b(h) = h**3 + 5*h**2 + 3*h + 5. Let m be b(-4). Let c = -18 + m. What are the prime factors of (-3)/((6/c)/2)?
3
Suppose 0*c = 3*c - 6. Suppose -j + 8 = c. What are the prime factors of j?
2, 3
Let h(c) = c**2 - 6*c + 5. Let u be h(6). Suppose 0 = 2*g - u - 7. What are the prime factors of g?
2, 3
Let m be (-1)/(-2 + 75/39). Suppose -3*r - 4*o + 4 = -m, 0 = -3*r - 3*o + 21. List the prime factors of r.
11
Suppose 5*b + 20 + 5 = 0. Let m = 21 + b. List the prime factors of m.
2
Let f be 3 - 2 - 1 - -3. Let n be -5 + 3 + -1 + f. List the prime factors of 1 - n - (-45)/5.
2, 5
Let i(z) = -z**3 + z**2 + z - 1. Let s(g) = 4*g**3 + 3*g**2 - 14*g + 12. Let t(m) = -5*i(m) - s(m). What are the prime factors of t(7)?
7
Let i(q) be the third derivative of 0 + 1/20*q**5 + 0*q - 1/24*q**4 + 1/6*q**3 + 2*q**2. What are the prime factors of i(2)?
11
Let q = 27 - 15. Let j = 30 - q. Suppose -s - 2*s - 4*v = -j, 9 = 3*v. List the prime factors of s.
2
Suppose 4*c - m - 4 - 2 = 0, 5*c + m = 12. What are the prime factors of (c - 1)/((-6)/(-72))?
2, 3
Let v = 12 + 13. List the prime factors of v.
5
Let a(j) = -j**3 - 6*j**2 - 6*j. Let l be a(-5). Suppose -l*v + 10 = -4*v. List the prime factors of v.
2, 5
Let d(o) = -5*o. Let i be d(-5). Suppose -u - i = -6*u. What are the prime factors of u?
5
Let u(k) = 11 + 3*k - 11. What are the prime factors of u(5)?
3, 5
Let h(j) = -j. Let f be h(-6). Let x = 4 + f. Suppose 0*l = 5*l - x. List the prime factors of l.
2
Suppose 11 + 5 = 2*z. Suppose z*n = 4*n. Suppose -2*b + 2 + 4 = u, -2*u - 4 = n. What are the prime factors of b?
2
Let v(m) = -m**3 + 13*m**2 - 6*m - 6. Let q be v(9). Suppose 3*a + 276 = 5*g, -3*a = 2*g + 3*g - q. List the prime factors of g.
2, 3
Suppose -s + 2128 = 18*s. List the prime factors of s.
2, 7
Suppose 0*g - 53 = -g. What are the prime factors of g?
53
What are the prime factors of (-167)/(((-10)/(-5))/(-2))?
167
Let x(h) = -h**2 + 7*h - 6. Let p be x(4). Suppose p*l - 84 = 2*l. What are the prime factors of l?
3, 7
Suppose f + 4 + 8 = 0. Let v be 1/(-2)*0 + f. What are the prime factors of ((-1)/2)/(1/v)?
2, 3
Suppose 3*j - 656 = -203. List the prime factors of j.
151
Let w be (-670)/(-4)*4/5. Suppose 0 = -5*q + w - 34. What are the prime factors of q?
2, 5
Suppose 2*s - 719 + 185 = 0. What are the prime factors of s?
3, 89
Let t be ((-4)/2)/((-6)/21). Let x(p) = -p + 10 - 2*p + t*p**2 - 8. What are the prime factors of x(2)?
2, 3
Let l = 11 - -10. List the prime factors of l.
3, 7
Let f be (4/10)/(2/20). Suppose -3 = -f*s + 13, 4*g + 4*s = 188. What are the prime factors of g?
43
Let u(r) = r**2 + 2*r + 5. Let p be 2/(-3*(-2)/12). Let v be u(p). Suppose v + 4 = 3*x. What are the prime factors of x?
11
Let t(h) = h**2 + 3*h + 1. Suppose 0*b - 4*b - 4 = 0. Let g be t(b). List the prime factors of -3 + 8 + -3 - g.
3
Let d(j) = j**3 + 8*j**2 - 2*j - 13. What are the prime factors of d(-8)?
3
Let b be (3/(-9))/(2/(-12)). Suppose b*h + 14 = 3*h. What are the prime factors of h?
2, 7
Let f(x) = 7*x**3 - 2*x**2 - x - 7. Let i(q) = -8*q**3 + 3*q**2 + 8. Let j(w) = 7*f(w) + 6*i(w). List the prime factors of j(-5).
3
Let z = -6 - -8. Let c(m) = -4*m**2 + 2*m - 3*m - 1 + 5*m**z. List the prime factors of c(4).
11
Let k(m) be the third derivative of m**4/24 + 3*m**3 + m**2. List the prime factors of k(0).
2, 3
Let t be (18/(-15))/((-1)/5). Let l = -1 + t. List the prime factors of l.
5
Let b(n) = 6*n + 2. Let a(p) = -p - 1. Let r be a(-7). Let i be b(r). Suppose -i = -2*x - 5*d, 0*d - 2*d + 17 = x. List the prime factors of x.
3
Suppose 2*u - 18 = -4*w, -5*u = -5*w + 11 - 56. Suppose -5*x + u = -16. What are the prime factors of x?
5
Suppose -1 - 4 = -5*k. What are the prime factors of (1/3)/(k/42)?
2, 7
Suppose 0*o - 3*o = -15. Let l